 b be -1 + (-1)/(-2)*8. Let n(h) = 9*h**2 + h + 4. Let y be n(b). Let c be (-33)/(-4) + (-2)/8. What is the highest common factor of c and y?
8
Let r = 13 + -21. Let q be (-9)/12 - 6/r. Let l be 1 + (q + -1)*-29. Calculate the highest common factor of l and 12.
6
Suppose -3*x = x + a - 108, -4*x + 116 = 3*a. What is the highest common factor of 52 and x?
26
Let x(y) = 4*y**2 - y - 1. Let o be x(2). Calculate the greatest common divisor of 52 and o.
13
Suppose -2*y + 46 = -4*c, 2*c = 5*y + 6*c - 143. Let l(d) = -d**3 - 10*d**2 - 9*d + 3. Let h be l(-9). Calculate the highest common factor of y and h.
3
Suppose 0*r - 128 = -8*r. Let w be -1 + 2 + (-1 - 0). Suppose w = 2*z + 4*s - 6 - 16, -5*z = -3*s - r. Calculate the greatest common divisor of 20 and z.
5
Let l = -10 + 42. Let u(a) = 2*a + 66. Let d be u(-29). Calculate the greatest common factor of l and d.
8
Let i = 21 - 13. Let r = 6 + 82. What is the greatest common factor of r and i?
8
Suppose -2*c + 4*c = 4. What is the highest common divisor of 4 and c?
2
Let m(r) = r**3 - 28*r**2 - 29*r + 42. Let t be m(29). What is the highest common divisor of t and 336?
42
Let r be -44*((-3)/(-2) + -2). Suppose -3*y = 5*s - 67, 0 = -y + 3*s + r - 9. What is the highest common divisor of 38 and y?
19
Let v be ((-256)/40)/(2/(-5)). Calculate the highest common divisor of 4 and v.
4
Let v = 42 + -26. Suppose -v - 4 = -j. Calculate the highest common factor of j and 100.
20
Let j = -1 + 1. Suppose 0 = -j*c + 4*c. Suppose c = -2*x + 61 + 209. Calculate the greatest common divisor of x and 15.
15
Suppose -502 = -11*g - 7. Calculate the highest common divisor of 18 and g.
9
Suppose 22 = q + 3*g, 2*q - 2*g - 44 = -0*q. What is the highest common divisor of 2 and q?
2
Let d be (24/16)/((-1)/60). Let u be ((-6)/(-15))/((-3)/d). Let v = 0 - -3. Calculate the greatest common divisor of u and v.
3
Let j be 3/(-4) - (-469)/28. Calculate the highest common divisor of j and 48.
16
Let k(w) = 2*w**2 + w - 13. Suppose 0 = a + o, -10 = -3*a + 3*o - 34. Let i be k(a). Calculate the greatest common divisor of 10 and i.
5
Suppose -220 = 4*y - 9*y. Calculate the greatest common divisor of y and 22.
22
Suppose 4*m = -16 + 84. Suppose -4*l + 304 = 16. Suppose 3*f + 21 = l. Calculate the highest common divisor of f and m.
17
Suppose 10 = 5*h, -4*w + 28 = h + 3*h. Suppose -w*a + 77 = -23. Calculate the highest common divisor of 10 and a.
10
Suppose -5*l + l = -224. Calculate the highest common factor of l and 14.
14
Let i = -35 - -18. Let n = -30 - 7. Let f = i - n. What is the highest common divisor of f and 5?
5
Suppose -3*r + 0 + 4 = g, 4*g + 5 = -5*r. Suppose 5*a - r*a = 4. Calculate the greatest common divisor of a and 22.
2
Suppose 2*g + 0*g - 2 = 0. Let a be ((-3)/(-2))/(g/16). Calculate the greatest common divisor of 36 and a.
12
Let f(i) be the first derivative of 5*i**3/3 - 5*i + 3. Let g be f(5). What is the greatest common factor of 15 and g?
15
Suppose x - 4 = -3*x. Let m(v) = 13*v**3 - 2*v + 1. Let c be m(x). Suppose -65 = -3*g + 7. Calculate the greatest common factor of c and g.
12
Suppose 2*i = i + 4*y + 64, 3*y = -5*i + 412. Let w = 32 - 16. What is the highest common factor of w and i?
16
Let f be (-804)/(-20) - 3/15. Let l be (-4 - (-4 - -2)) + 7. What is the greatest common factor of f and l?
5
Let q be -5*-33*6/45. Calculate the greatest common divisor of q and 55.
11
Suppose 0 = -3*j + 108 - 0. Suppose 20 = 3*p + 4*y - 258, -5*y - 440 = -5*p. What is the greatest common divisor of p and j?
18
Let i be (0 - (-5 + 10))/((-1)/10). What is the greatest common divisor of i and 25?
25
Let d(y) = y**3 - 9*y**2 + 12*y - 4. Let o be d(8). What is the highest common factor of 21 and o?
7
Let p = 4 + 0. Let q(y) = y**3 + 5*y**2 + 2*y - 4. Let x be q(-3). What is the highest common factor of p and x?
4
Let c = -1 + 9. Let a = c - 5. Calculate the greatest common divisor of a and 3.
3
Let b(x) = 44*x - 1. Suppose -3*a = -3*w + 18, -5*w + 0*a + 26 = -3*a. Let v be b(w). Suppose -4*r + v = r. Calculate the highest common divisor of r and 5.
5
Let c(l) = 16*l - 31. Let b be c(3). What is the highest common divisor of b and 17?
17
Suppose -3*s + 42 = -27. What is the highest common factor of 92 and s?
23
Suppose 5*w = 361 + 214. What is the highest common factor of 23 and w?
23
Let z(t) be the third derivative of t**4/24 - t**3/6 - 2*t**2. Let k be z(3). Calculate the highest common factor of k and 3.
1
Let i be (-78)/26 - (-16)/2*6. What is the highest common divisor of i and 15?
15
Let q(g) = -g**3 + 8*g**2 - 7*g - 3. Let a be q(7). Let r be (a + (-44)/(-12))*21. Calculate the greatest common divisor of r and 154.
14
Let g(q) = -11*q + 6. Let h be g(-6). Let c be 16*(-1 + -2)/(-6). Let p be 1 + c - (0 - -1). Calculate the highest common divisor of h and p.
8
Suppose 0 = s - 6*s + 4*m + 376, 0 = -5*s - 4*m + 344. Calculate the greatest common factor of s and 9.
9
Let h(k) = -k**3 - 3*k**2 + 7*k. Let b be h(-6). Suppose 3*f + 3 = 3*t, -4*t - 2 = -f - 21. Calculate the greatest common divisor of t and b.
6
Let c be (-3 + 13)*(-1)/(-2). What is the highest common divisor of c and 15?
5
Let c be (-4361)/(-42) - 2/(-12). What is the greatest common factor of c and 13?
13
Let v = 73 + -40. Let d be (-2)/(-3) + ((-43561)/(-21))/7. What is the highest common divisor of d and v?
33
Let y = 2 - -1. Suppose y*x - 14 = 1. Calculate the greatest common divisor of 5 and x.
5
Let o = -2 + 2. Suppose o*q - 4*q + 12 = 0. Calculate the highest common factor of q and 21.
3
Let i = 8 + -3. Let o be (-59*(0 - 1))/1. Suppose i*v + o - 279 = 0. What is the highest common factor of 22 and v?
22
Let z(l) = -l**3 - l**2 + 2*l - 1. Let q be z(1). Let c be (q - 25)*(-2)/4. Let g(v) = 32*v + 1. Let m be g(2). What is the highest common factor of m and c?
13
Suppose 0 = -5*s + 4*s + 4. Let r be (-30 + 1)/(-7 - -8). Let h be s/(-2)*r - -2. Calculate the highest common divisor of h and 12.
12
Let u be 16/3*(4 + -1). Suppose 0 = 4*q - 5*v - 47, -18*v = -17*v + 3. Calculate the greatest common divisor of u and q.
8
Suppose -4*b + 6 = -14, -4*b + 245 = 3*z. Calculate the highest common factor of 15 and z.
15
Let l = 92 + -52. Calculate the highest common factor of l and 16.
8
Let n be (3/5)/(1/5). Suppose -2*a = -n*a + 40. Calculate the greatest common divisor of a and 16.
8
Let r be 2/(-4) - (-45)/2. What is the highest common factor of r and 242?
22
Suppose 0 = -2*q + 4 + 8. Let i be (-124)/(-6) - (-4)/12. Let p = -6 + i. What is the highest common factor of p and q?
3
Let z(q) = -q**3 + 6*q**2 - 4*q - 1. Let m be z(5). Suppose -m*b + 20 = 0, n - 2*b + 1 = -6. Calculate the greatest common factor of 9 and n.
3
Suppose 0 = -b + 23 - 3. Calculate the highest common factor of 8 and b.
4
Let r(w) = -12*w + 60. Let g be r(-12). What is the greatest common factor of 12 and g?
12
Suppose 4*v = 4*f + 68, 3*v + 2*f - 49 = 4*f. Suppose 8*u = 10*u. Suppose 0*d + d - 6 = u. What is the highest common factor of v and d?
3
Suppose f - 22 = 4. Calculate the greatest common divisor of 130 and f.
26
Let x(c) = 4*c - 19. Let k be x(7). Calculate the highest common factor of 63 and k.
9
Suppose -3*n + 5*f - 14 = 0, -16 = -f - 3*f. Let b = n + 7. Calculate the greatest common divisor of b and 18.
9
Let s = 18 + 13. What is the greatest common divisor of 341 and s?
31
Let f = -23 - -38. Let o = 11 + -29. Let g be ((-81)/o)/(3/10). Calculate the highest common factor of g and f.
15
Suppose 5*h + 0*h - 126 = 3*c, -3*h = -4*c - 69. Suppose 4*d + 10 = 3*d - 2*g, -g = -4*d - 31. Let q = -5 - d. Calculate the greatest common divisor of q and h.
3
Suppose -2*y + 198 + 74 = 0. Let x(r) = -18*r**3 + r. Let c be x(-1). What is the highest common factor of c and y?
17
Suppose 3*p = -b + 6*b + 74, -2*p + 56 = -2*b. Suppose -4*c + g + 86 = 0, -13 - 23 = -2*c + 4*g. Calculate the greatest common factor of c and p.
11
Let b(d) = 2*d + 3. Let a be b(-5). Let r(u) = -4*u - 3. Let l be r(a). Suppose 0 = 3*w - 11 - l. What is the highest common divisor of w and 36?
12
Let m = 219 - 127. Let j be (4 - 1) + -3 + 23. Calculate the greatest common factor of m and j.
23
Let h = 10 + -5. Let r = -18 - -28. Calculate the highest common factor of h and r.
5
Let j(u) = u**3 + 12*u**2 - 3*u - 14.